{"id":67,"date":"2020-04-08T08:31:59","date_gmt":"2020-04-08T08:31:59","guid":{"rendered":"http:\/\/kreuzhecker-hof.de\/?page_id=67"},"modified":"2023-01-24T11:43:31","modified_gmt":"2023-01-24T11:43:31","slug":"die-landwirtschaft","status":"publish","type":"page","link":"https:\/\/kreuzhecker-hof.de\/?page_id=67","title":{"rendered":"Die Landwirtschaft"},"content":{"rendered":"<section class=\"l-section wpb_row height_small\"><div class=\"l-section-h i-cf\"><div class=\"g-cols vc_row via_flex valign_top type_default stacking_default\"><div class=\"vc_col-sm-3 wpb_column vc_column_container\"><div class=\"vc_column-inner\"><div class=\"wpb_wrapper\"><div class=\"w-image align_none\"><div class=\"w-image-h\"><img decoding=\"async\" width=\"1024\" height=\"768\" src=\"https:\/\/kreuzhecker-hof.de\/wp-content\/uploads\/2020\/04\/IMG_20191102_153526-1024x768.jpg\" class=\"attachment-large size-large\" alt=\"\" loading=\"lazy\" srcset=\"https:\/\/kreuzhecker-hof.de\/wp-content\/uploads\/2020\/04\/IMG_20191102_153526-1024x768.jpg 1024w, https:\/\/kreuzhecker-hof.de\/wp-content\/uploads\/2020\/04\/IMG_20191102_153526-300x225.jpg 300w, https:\/\/kreuzhecker-hof.de\/wp-content\/uploads\/2020\/04\/IMG_20191102_153526-1536x1152.jpg 1536w, https:\/\/kreuzhecker-hof.de\/wp-content\/uploads\/2020\/04\/IMG_20191102_153526-2048x1536.jpg 2048w\" sizes=\"auto, (max-width: 1024px) 100vw, 1024px\" \/><\/div><\/div><\/div><\/div><\/div><div class=\"vc_col-sm-3 wpb_column vc_column_container\"><div class=\"vc_column-inner\"><div class=\"wpb_wrapper\"><div class=\"w-image align_none\"><div class=\"w-image-h\"><img decoding=\"async\" width=\"1024\" height=\"768\" src=\"https:\/\/kreuzhecker-hof.de\/wp-content\/uploads\/2020\/04\/IMG_20191102_153208-1024x768.jpg\" class=\"attachment-large size-large\" alt=\"\" loading=\"lazy\" srcset=\"https:\/\/kreuzhecker-hof.de\/wp-content\/uploads\/2020\/04\/IMG_20191102_153208-1024x768.jpg 1024w, https:\/\/kreuzhecker-hof.de\/wp-content\/uploads\/2020\/04\/IMG_20191102_153208-300x225.jpg 300w, https:\/\/kreuzhecker-hof.de\/wp-content\/uploads\/2020\/04\/IMG_20191102_153208-1536x1152.jpg 1536w, https:\/\/kreuzhecker-hof.de\/wp-content\/uploads\/2020\/04\/IMG_20191102_153208-2048x1536.jpg 2048w\" sizes=\"auto, (max-width: 1024px) 100vw, 1024px\" \/><\/div><\/div><\/div><\/div><\/div><div class=\"vc_col-sm-3 wpb_column vc_column_container\"><div class=\"vc_column-inner\"><div class=\"wpb_wrapper\"><div class=\"w-image align_none\"><div class=\"w-image-h\"><img decoding=\"async\" width=\"1024\" height=\"768\" src=\"https:\/\/kreuzhecker-hof.de\/wp-content\/uploads\/2020\/04\/IMG_20191102_151412-1024x768.jpg\" class=\"attachment-large size-large\" alt=\"\" loading=\"lazy\" srcset=\"https:\/\/kreuzhecker-hof.de\/wp-content\/uploads\/2020\/04\/IMG_20191102_151412-1024x768.jpg 1024w, https:\/\/kreuzhecker-hof.de\/wp-content\/uploads\/2020\/04\/IMG_20191102_151412-300x225.jpg 300w, https:\/\/kreuzhecker-hof.de\/wp-content\/uploads\/2020\/04\/IMG_20191102_151412-1536x1152.jpg 1536w, https:\/\/kreuzhecker-hof.de\/wp-content\/uploads\/2020\/04\/IMG_20191102_151412-2048x1536.jpg 2048w\" sizes=\"auto, (max-width: 1024px) 100vw, 1024px\" \/><\/div><\/div><\/div><\/div><\/div><div class=\"vc_col-sm-3 wpb_column vc_column_container\"><div class=\"vc_column-inner\"><div class=\"wpb_wrapper\"><div class=\"w-image align_none\"><div class=\"w-image-h\"><img decoding=\"async\" width=\"1024\" height=\"768\" src=\"https:\/\/kreuzhecker-hof.de\/wp-content\/uploads\/2020\/04\/IMG_20191102_151447-1024x768.jpg\" class=\"attachment-large size-large\" alt=\"\" loading=\"lazy\" srcset=\"https:\/\/kreuzhecker-hof.de\/wp-content\/uploads\/2020\/04\/IMG_20191102_151447-1024x768.jpg 1024w, https:\/\/kreuzhecker-hof.de\/wp-content\/uploads\/2020\/04\/IMG_20191102_151447-300x225.jpg 300w, https:\/\/kreuzhecker-hof.de\/wp-content\/uploads\/2020\/04\/IMG_20191102_151447-1536x1152.jpg 1536w, https:\/\/kreuzhecker-hof.de\/wp-content\/uploads\/2020\/04\/IMG_20191102_151447-2048x1536.jpg 2048w\" sizes=\"auto, (max-width: 1024px) 100vw, 1024px\" \/><\/div><\/div><\/div><\/div><\/div><\/div><\/div><\/section><section class=\"l-section wpb_row height_small\"><div class=\"l-section-h i-cf\"><div class=\"g-cols vc_row via_flex valign_top type_default stacking_default\"><div class=\"vc_col-sm-6 wpb_column vc_column_container\"><div class=\"vc_column-inner\"><div class=\"wpb_wrapper\"><div class=\"wpb_text_column\"><div class=\"wpb_wrapper\"><\/p>\n<p><strong>Unsere Rinder<\/strong><\/p>\n<\/p>\n<p>Bei uns auf dem Hof leben derzeit rund 5 Rinder in einem Au\u00dfenklima-Boxenlaufstall.\u00a0<\/p>\n<\/p>\n<p>\u00a0<\/p>\n<\/div><\/div><div class=\"wpb_text_column\"><div class=\"wpb_wrapper\"><\/p>\n<p><strong>Unsere Wiesen und Felder<\/strong><\/p>\n<\/p>\n<p>Unsere Wiesenfl\u00e4chen bewirtschaften wir zur Heu- und Silage-Gewinnung. Ein kleiner Teil des Ertrages nutzen wir als Futter f\u00fcr unsere Rinder, den Gro\u00dfteil geben wir an den Kooperationspartner in W\u00fcrges als Futter f\u00fcr seine Milchviehherde.<\/p>\n<p>Unsere Felder nutzen wir f\u00fcr die Getreide- und Rapsproduktion f\u00fcr Lebensmittel und Tierfutter.<\/p>\n<\/p>\n<p>\u00a0<\/p>\n<\/div><\/div><\/div><\/div><\/div><div class=\"vc_col-sm-6 wpb_column vc_column_container\"><div class=\"vc_column-inner\"><div class=\"wpb_wrapper\"><div class=\"wpb_text_column\"><div class=\"wpb_wrapper\"><p><strong>Unsere H\u00fchner und deren Eier<\/strong><\/p>\n<p>Seit 2018 leben inzwischen rund 1000 Legehennen bei uns in ihren mobilen Freilandst\u00e4llen. Neben dem Stall geh\u00f6rt ein gro\u00dfer Auslauf zum Lebensraum der H\u00fchner. Die vier St\u00e4lle wandern von einer Wiese zur n\u00e4chsten.<br \/>Ein Huhn legt im Schnitt etwa 300 Eier im Jahr und das das ganze Jahr \u00fcber. Egal, ob gerade Ostern ist oder Sommerferien.<br \/>Die Eier unserer H\u00fchner vermarkten wir in unserem Hofladen und unseren Verkaufsautomaten.<br \/>Ganz interessant: Die Farbe der Eier hat nicht zwingend etwas mit dem Federkleid zu tun (das ist genetisch bedingt und l\u00e4sst sich bei einigen H\u00fchnern am Ohrlappen erkennen \u2013 wei\u00dfer Lappen = wei\u00dfe Eier, roter Lappen = braune Eier). Bei uns kann man es aber tats\u00e4chlich auch am Federkleid erkennen. Unsere wei\u00dfen H\u00fchner legen wei\u00dfe Eier und unsere braunen H\u00fchner legen braune Eier.<\/p><\/p>\n<\/div><\/div><\/div><\/div><\/div><div class=\"vc_col-sm-6 wpb_column vc_column_container\"><div class=\"vc_column-inner\"><div class=\"wpb_wrapper\"><\/div><\/div><\/div><\/div><\/div><\/section>","protected":false},"excerpt":{"rendered":"Unsere Rinder Bei uns auf dem Hof leben derzeit rund 5 Rinder in einem Au\u00dfenklima-Boxenlaufstall.\u00a0 \u00a0 Unsere Wiesen und Felder Unsere Wiesenfl\u00e4chen bewirtschaften wir zur Heu- und Silage-Gewinnung. Ein kleiner Teil des Ertrages nutzen wir als Futter f\u00fcr unsere Rinder, den Gro\u00dfteil geben wir an den Kooperationspartner in W\u00fcrges als Futter f\u00fcr seine Milchviehherde. Unsere...","protected":false},"author":1,"featured_media":0,"parent":0,"menu_order":0,"comment_status":"closed","ping_status":"closed","template":"","meta":{"footnotes":""},"class_list":["post-67","page","type-page","status-publish","hentry"],"_links":{"self":[{"href":"https:\/\/kreuzhecker-hof.de\/index.php?rest_route=\/wp\/v2\/pages\/67","targetHints":{"allow":["GET"]}}],"collection":[{"href":"https:\/\/kreuzhecker-hof.de\/index.php?rest_route=\/wp\/v2\/pages"}],"about":[{"href":"https:\/\/kreuzhecker-hof.de\/index.php?rest_route=\/wp\/v2\/types\/page"}],"author":[{"embeddable":true,"href":"https:\/\/kreuzhecker-hof.de\/index.php?rest_route=\/wp\/v2\/users\/1"}],"replies":[{"embeddable":true,"href":"https:\/\/kreuzhecker-hof.de\/index.php?rest_route=%2Fwp%2Fv2%2Fcomments&post=67"}],"version-history":[{"count":14,"href":"https:\/\/kreuzhecker-hof.de\/index.php?rest_route=\/wp\/v2\/pages\/67\/revisions"}],"predecessor-version":[{"id":522,"href":"https:\/\/kreuzhecker-hof.de\/index.php?rest_route=\/wp\/v2\/pages\/67\/revisions\/522"}],"wp:attachment":[{"href":"https:\/\/kreuzhecker-hof.de\/index.php?rest_route=%2Fwp%2Fv2%2Fmedia&parent=67"}],"curies":[{"name":"wp","href":"https:\/\/api.w.org\/{rel}","templated":true}]}}